 5*f + 341, a - f - 306 = f. Let g be 9/(-27) + a/3. What is the greatest common divisor of g and 15?
15
Let h = -8 - -132. Suppose -4*m - h = -3*w, 2*m + 2*m = -3*w - 148. Let j = 64 + m. Calculate the greatest common divisor of j and 6.
6
Let v be (8 + -3 + -4)*11. What is the highest common factor of 11 and v?
11
Suppose -10 = -5*g - 0. Suppose -30 = -g*j + 66. What is the highest common divisor of j and 32?
16
Let m(x) = -x**2 - 9*x + 1 + x + 0*x - 7. Let r be m(-7). What is the greatest common divisor of 9 and r?
1
Let w = -19 + 74. What is the highest common divisor of w and 5?
5
Let r = 48 - 33. What is the greatest common factor of 10 and r?
5
Let s be 513/(-3) - (1 - 3). Let o = 260 + s. Suppose -o - 17 = -2*x. What is the highest common factor of x and 18?
18
Suppose 9*r - 6*r = 9. Suppose r*m = 6*m - 27. Calculate the highest common divisor of 81 and m.
9
Let i = -57 - -97. Let z = i + -18. Calculate the highest common divisor of 110 and z.
22
Let z be (-2)/((-372)/185 + 2). Suppose -5*r = -3*i + 133, 5*i + 0*r - z = r. What is the highest common factor of i and 54?
18
Suppose h = -12 + 36. Calculate the highest common divisor of h and 60.
12
Suppose 3*n + 7*p - 25 = 2*p, 0 = n + 2*p - 10. Suppose 3*o - 196 - 14 = n. Suppose -4*v = -o - 58. What is the greatest common factor of 8 and v?
8
Let u be -1 + 4/(-6 - -2). Let l(i) = -2*i**3 - i**2 - i - 2. Let h be l(u). Calculate the highest common divisor of h and 84.
12
Let a = -13 + 8. Let o be 1/(-4) + a/(-4). Let f(d) = -18*d + 93. Let m be f(5). Calculate the greatest common factor of o and m.
1
Let a = -74 + 139. Let m be (-162)/(-12) + (-3)/6. What is the greatest common divisor of a and m?
13
Let y(d) = 2*d**2 - 2*d - 1. Let b be y(2). Calculate the highest common factor of b and 27.
3
Suppose 2*u = 3*r + r + 20, -u + 14 = 2*r. Suppose 0 = -5*q + 3 + 17. Suppose 0 = -q*z + 91 + 101. What is the greatest common factor of z and u?
12
Let c(u) = u**3 + 6*u**2 + u + 5. Let a be c(-5). What is the greatest common divisor of a and 100?
25
Let q(b) = -3*b - 8. Let x(l) = -1. Let z(s) = -q(s) + 4*x(s). Let n be z(4). Calculate the highest common divisor of n and 16.
16
Let l(a) = a**2 - 2*a + 12. Let p be l(-6). What is the greatest common divisor of p and 90?
30
Suppose 6*s - 2*s - 2*l = 56, 0 = -5*s + 3*l + 70. Suppose -3*c - 2 = -212. What is the greatest common divisor of c and s?
14
Suppose -4 = -0*d + 2*d. Let v = d + 5. Suppose 0*k = -v*k + 54. What is the highest common divisor of 162 and k?
18
Let b(h) = -61*h**3 - h**2. Let c be b(-1). Calculate the highest common factor of 12 and c.
12
Let a(l) = -l**3 + 13*l**2 + 19*l - 52. Let y be a(14). What is the greatest common factor of 45 and y?
9
Let t(y) = 9 - 4 + 4*y**3 - y**2 - 2 - 3*y**2. Let r be t(3). What is the highest common divisor of 25 and r?
25
Let l = 16 - 26. Let k be (-545)/l + (-1)/(-2). Let j = 17 - 6. Calculate the greatest common divisor of j and k.
11
Let y(r) = -2*r**2 + 2*r + 1. Let c be y(-1). Let u be c - -30 - (-1 - -2). Let p = -12 + u. What is the highest common factor of p and 98?
14
Let z(l) = -2*l**3 - 11*l**2 + 5*l + 7. Let d be z(-6). What is the highest common divisor of d and 65?
13
Suppose -3*p + 330 = 2*p. What is the highest common divisor of 99 and p?
33
Let z be 3*1*(-16)/(-6). Suppose -a - 4*s = -z - 2, 5*s = 3*a + 4. Let f be 3 + 9/(1/1). Calculate the greatest common factor of a and f.
2
Let v(d) = -3*d**2 - 3*d - 9. Let y(g) = 3*g**2 + 3*g + 8. Let c(r) = -6*v(r) - 5*y(r). Let t be c(-7). Calculate the greatest common factor of t and 28.
28
Let k(y) = 49*y - 48. Let n be k(8). Calculate the highest common factor of 43 and n.
43
Let h be 37/3 - 6/(-9). Suppose 2*u + 12 = 4*g - u, 5*u = g - 3. Suppose 0 = -0*d + g*d - 156. What is the highest common factor of h and d?
13
Let k(m) = 5*m**2 - m - 2. Let i be -6*(-1)/2 + -1. Let f be k(i). Calculate the highest common divisor of f and 8.
8
Let z be ((-6)/1)/((-6)/308). Let s be (0 + 29)/1 + -1. Calculate the highest common divisor of z and s.
28
Let g = 53 + -31. Suppose -g = -5*r + 43. Suppose 143 = -5*b + 598. What is the greatest common factor of b and r?
13
Let d(g) = -g**3 + 4*g**2 - g - 2. Let m be d(2). Suppose 3*i - i + 4*s = -8, -2*i + m*s = -32. What is the greatest common factor of i and 6?
6
Let l = 6 - 4. Suppose -5*k + l*g + 57 = -8, -2*k - g = -35. What is the highest common divisor of 165 and k?
15
Let m(b) = -2*b - 2. Let p be m(-9). What is the highest common factor of 32 and p?
16
Let p = 46 + -33. Let q = p - -20. What is the greatest common factor of 3 and q?
3
Let i = -24 - -10. Let n be (i/1)/(-1 - 0). Suppose 4*c = 5*s - 0*c - 618, 5*s + 3*c - 639 = 0. What is the highest common divisor of n and s?
14
Let m be (-24)/(-84) - (-103)/7. Calculate the highest common factor of m and 165.
15
Let m = 23 + -19. Let p be 2 + 0*m/8. Calculate the highest common divisor of p and 2.
2
Let t(v) = -6*v. Let x be t(-6). Let y = -84 + 93. What is the greatest common factor of x and y?
9
Suppose 55 = 2*n + 37. What is the highest common divisor of n and 24?
3
Let f be (-2 + 13 - 1) + 2. What is the highest common factor of 6 and f?
6
Let g(x) = -22*x**3 - x**2 + x + 1. Let k be g(-1). Let f = 41 - k. Suppose 0 = 2*l + 3 - 11. Calculate the greatest common divisor of f and l.
4
Suppose 5*w + 22 + 6 = g, -g - 4*w = 17. Suppose g*a - 461 = 67. Let x be (2/3*-8)/(3/(-9)). Calculate the greatest common divisor of x and a.
16
Let t be (5 + -2)*266/6. Suppose w = -3*v - 0*w - 96, -v + 5*w - 48 = 0. Let l = 52 + v. Calculate the highest common factor of l and t.
19
Let h be (2 + 1*-2)/1. Suppose h = 2*l - 6*l + 3*o + 339, -3*o = 3. Calculate the highest common divisor of 12 and l.
12
Let t be 680/(-12)*1*-9. Let p be t/4*6/5. What is the highest common factor of p and 17?
17
Suppose -5*z + 30 = 5*g, 6*z - g = 3*z + 2. What is the highest common divisor of 1 and z?
1
Let n(j) be the first derivative of j**3/3 - j**2 - 4*j + 2. Let q be n(-3). Calculate the greatest common factor of q and 121.
11
Let f(o) be the first derivative of 44*o**3/3 - 2. Suppose 16*b = 14*b + 2. Let m be f(b). Calculate the greatest common divisor of 22 and m.
22
Let a(q) = -q**2 + q + 14. Let w be a(0). Suppose -s + 3*z - 1 = 5, 3 = -s + 2*z. Suppose 193 + 185 = s*j. What is the highest common divisor of j and w?
14
Let g(f) = f**2 + 14. Let x be g(0). Let m = 0 + 7. Calculate the greatest common divisor of x and m.
7
Let n(t) = -t**2 + 11*t + 6. Let g(c) = c - 1. Let o(k) = -3*g(k) + n(k). Let x be o(8). What is the highest common factor of x and 3?
3
Let a(b) = 3*b**2 - 9*b + 4. Let t be a(6). Suppose 0 = 5*w - 107 - t. Calculate the greatest common factor of w and 22.
11
Suppose -80 = -5*g - j - 5, 5*g - 4*j = 50. Let d = 8 - 6. What is the highest common divisor of d and g?
2
Suppose 5*d - 78 = 2*d. Suppose d = 5*m - 3*m. Calculate the greatest common factor of 26 and m.
13
Suppose -2*y + 4*y - 16 = 0. Let d(p) = 6*p - 1. Let f be d(y). Let g = f - -13. What is the highest common divisor of 15 and g?
15
Suppose 476 = 186*f - 184*f. What is the highest common divisor of 14 and f?
14
Let x = -9 - -17. Let a = 11 + 13. What is the highest common divisor of a and x?
8
Suppose -g - 2 = 2*u - 12, -4*g - 5*u = -37. Calculate the highest common divisor of 32 and g.
8
Suppose -25 = -2*p + 5*d, 0*p + 3*p + d = 29. What is the highest common factor of 30 and p?
10
Let o(k) = 58*k - 3. Let j be o(2). Let y be (1 - (-1 - j)) + -2. Let x = y - 73. What is the greatest common factor of 5 and x?
5
Let s(c) = 16*c**2 + 2. Let n be s(-1). Suppose 162 = -2*h + 5*h. What is the greatest common factor of n and h?
18
Let d be (-6)/(-4) + (-1575)/(-30). What is the greatest common factor of 18 and d?
18
Suppose -1 = 2*x - 23. Calculate the greatest common divisor of x and 44.
11
Let d = -97 + 193. Suppose 0*l = -4*l + d. What is the greatest common factor of l and 3?
3
Let n(z) = z**3 - z**2 - 2*z + 105. Let y be n(0). Let j(x) = x + 21. Let h be j(0). What is the highest common factor of h and y?
21
Let n(z) = z + 13. Let k be n(-7). Let h be (-5)/((-10)/6) + k. What is the greatest common divisor of h and 6?
3
Let g = 56 + -53. Calculate the greatest common divisor of g and 51.
3
Let